{"id":12,"date":"2021-12-03T14:45:00","date_gmt":"2021-12-03T14:45:00","guid":{"rendered":"https:\/\/interfilm-deutschland.de\/?page_id=12"},"modified":"2024-05-27T20:59:55","modified_gmt":"2024-05-27T18:59:55","slug":"interfilm-deutschland","status":"publish","type":"page","link":"https:\/\/interfilm-deutschland.de\/?page_id=12","title":{"rendered":"Interfilm Deutschland"},"content":{"rendered":"\n<h3 class=\"wp-block-heading\" id=\"das-netzwerk-fur-kirche-und-kino\">Das Netzwerk f\u00fcr Kino und Kirche<\/h3>\n\n\n\n<p>Kirche und Kino sind&nbsp;<strong>Erz\u00e4hlgemeinschaften<\/strong>. In Geschichten von Liebe und Tod, Schuld und Erl\u00f6sung, Hoffnung und Neuanfang setzen sie sich mit existentiellen, ethischen und spirituellen Fragen auseinander. Auf je unterschiedliche und zuweilen ganz \u00e4hnliche Weise bieten sie besondere R\u00e4ume und Zeiten, \u00e4sthetische und rituelle Gestaltungsm\u00f6glichkeiten.<\/p>\n\n\n\n<p>Seit langem gibt es eine&nbsp;<strong>lebendige kirchliche Filmarbeit<\/strong>&nbsp;auf verschiedenen Ebenen. Kirchliche Jurys zeichnen Filme aus,&nbsp;kirchliche Medienzentralen erm\u00f6glichen die Verwendung von Filmen in Schulen und Gemeinden.&nbsp;Die Kirchen sind mit Filmfestivals und Filmpreisen ebenso pr\u00e4sent wie mit eigenen Filmproduktionen oder angesehenen Zeitschriften (epd-Film, Filmdienst).<br>Es werden Filmgespr\u00e4che, Seminare und Tagungen durchgef\u00fchrt, zahlreiche Ver\u00f6ffentlichungen zum Thema diskutiert. In lokalen und regionalen Arbeitskreisen kooperieren Engagierte aus Kirche und Film vor Ort, aber auch im internationalen Ma\u00dfstab gibt es einen vielf\u00e4ltigen Austausch.<\/p>\n\n\n\n<p>So wurde bereits 1955 die&nbsp;<strong>internationale und<\/strong>&nbsp;<strong>interkirchliche Organisation INTERFILM<\/strong>&nbsp;von Vertretern der protestantischen Filmarbeit in Europa gegr\u00fcndet. Heute umfasst sie haupts\u00e4chlich protestantische, aber auch anglikanische, orthodoxe und j\u00fcdische Mitglieder, sowohl Einzelpersonen wie Institutionen. Neben der internationalen Verbindung gibt es seit vielen Jahren auch nationale Zusammenschl\u00fcsse, die die Arbeit von INTERFILM unterst\u00fctzen und in die jeweiligen Kontexte eintragen.&nbsp;<\/p>\n\n\n\n<p><strong>Interfilm Deutschland e.V.<\/strong>&nbsp;wurde von deutschen INTERFILM-Mitgliedern gegr\u00fcndet und im Januar 2022 als Verein registriert.&nbsp;Er versteht sich als Netzwerk von Menschen, die an der F\u00f6rderung des Dialogs zwischen Religion und Film, Kirche und Kultur interessiert sind. So wie die internationale Organisation INTERFILM will Interfilm Deutschland e.V. das Verst\u00e4ndnis der \u00e4sthetischen, spirituellen und sozialen Bedeutung des Kinos in der Kirche f\u00f6rdern und sich f\u00fcr die Wahrnehmung der Bedeutung von Kirche, Theologie und Religion in der Filmkultur einsetzen.<\/p>\n\n\n\n<p>Das Ziel von&nbsp;Interfilm Deutschland e.V.&nbsp;ist es, zur&nbsp;<strong>Kommunikation und Kooperation<\/strong>&nbsp;derer beizutragen, die in Deutschland auf lokaler, regionaler oder bundesweiter Ebene im Feld von Kirche und Kino engagiert sind. Bestehende Strukturen sollen unterst\u00fctzt, erweitert und noch intensiver miteinander ins Gespr\u00e4ch gebracht werden.<\/p>\n\n\n\n<p>Um die enge Verbindung zu INTERFILM zu wahren, ist eine&nbsp;<strong>Doppelmitgliedschaft<\/strong>&nbsp;verbindlich vorgesehen. Mitglied des Vereins kann jede nat\u00fcrliche Person mit Eintritt der Vollj\u00e4hrigkeit werden, vorausgesetzt sie ist oder wird Mitglied von INTERFILM International.&nbsp;Der j\u00e4hrliche Mitgliedsbeitrag betr\u00e4gt 50,00 Euro f\u00fcr beide Organisationen (40,00 Euro INTERFILM, 10,00 Euro Interfilm Deutschland e.V., Stand 2022).<\/p>\n","protected":false},"excerpt":{"rendered":"<p>Das Netzwerk f\u00fcr Kino und Kirche Kirche und Kino sind&nbsp;Erz\u00e4hlgemeinschaften. In Geschichten von Liebe und Tod, Schuld und Erl\u00f6sung, Hoffnung und Neuanfang setzen sie sich mit existentiellen, ethischen und spirituellen Fragen auseinander. Auf je unterschiedliche und zuweilen ganz \u00e4hnliche Weise bieten sie besondere R\u00e4ume und Zeiten, \u00e4sthetische und rituelle Gestaltungsm\u00f6glichkeiten. Seit langem gibt es eine&nbsp;lebendige kirchliche Filmarbeit&nbsp;auf verschiedenen Ebenen. Kirchliche Jurys zeichnen Filme aus,&nbsp;kirchliche Medienzentralen erm\u00f6glichen die Verwendung von Filmen in Schulen und Gemeinden.&nbsp;Die Kirchen [&#8230;]<\/p>\n","protected":false},"author":1,"featured_media":0,"parent":0,"menu_order":2,"comment_status":"closed","ping_status":"closed","template":"","meta":{"_acf_changed":false,"footnotes":""},"class_list":["post-12","page","type-page","status-publish","hentry"],"acf":[],"publishpress_future_action":{"enabled":false,"date":"2026-05-05 17:02:35","action":"change-status","newStatus":"draft","terms":[],"taxonomy":"","extraData":[]},"publishpress_future_workflow_manual_trigger":{"enabledWorkflows":[]},"_links":{"self":[{"href":"https:\/\/interfilm-deutschland.de\/index.php?rest_route=\/wp\/v2\/pages\/12","targetHints":{"allow":["GET"]}}],"collection":[{"href":"https:\/\/interfilm-deutschland.de\/index.php?rest_route=\/wp\/v2\/pages"}],"about":[{"href":"https:\/\/interfilm-deutschland.de\/index.php?rest_route=\/wp\/v2\/types\/page"}],"author":[{"embeddable":true,"href":"https:\/\/interfilm-deutschland.de\/index.php?rest_route=\/wp\/v2\/users\/1"}],"replies":[{"embeddable":true,"href":"https:\/\/interfilm-deutschland.de\/index.php?rest_route=%2Fwp%2Fv2%2Fcomments&post=12"}],"version-history":[{"count":12,"href":"https:\/\/interfilm-deutschland.de\/index.php?rest_route=\/wp\/v2\/pages\/12\/revisions"}],"predecessor-version":[{"id":1263,"href":"https:\/\/interfilm-deutschland.de\/index.php?rest_route=\/wp\/v2\/pages\/12\/revisions\/1263"}],"wp:attachment":[{"href":"https:\/\/interfilm-deutschland.de\/index.php?rest_route=%2Fwp%2Fv2%2Fmedia&parent=12"}],"curies":[{"name":"wp","href":"https:\/\/api.w.org\/{rel}","templated":true}]}}