{"id":1328,"date":"2024-05-28T07:40:44","date_gmt":"2024-05-28T05:40:44","guid":{"rendered":"https:\/\/interfilm-deutschland.de\/?page_id=1328"},"modified":"2024-05-28T07:41:21","modified_gmt":"2024-05-28T05:41:21","slug":"filmstarts-2024","status":"publish","type":"page","link":"https:\/\/interfilm-deutschland.de\/?page_id=1328","title":{"rendered":"Filmstarts 2024"},"content":{"rendered":"<style id=\"smart_post_show_dynamic_css1322\">#pcp_wrapper-1322:not(.sps-glossary-layout) .sp-pcp-row,#pcp_wrapper-1322 .sps-glossary-items-group .sps-glossary-items-content {margin-right: -10px;margin-left: -10px;}#pcp_wrapper-1322 .sp-pcp-row [class*='sp-pcp-col-'],#pcp_wrapper-1322 .sp-pcp-row .sp-pcp-block-hierarchical{padding-right: 10px;padding-left: 10px; padding-bottom:20px;}.pcp-wrapper-1322 .sp-pcp-title a,.pcp-modal-1322 .sp-pcp-title, .pcp-wrapper-1322 .pcp-collapse-header a{text-align: left;text-transform: none;font-size: 20px;line-height: 24px;letter-spacing: 0px;color: #111;display: inherit;}.pcp-wrapper-1322 .sp-pcp-title, .pcp-modal-1322 .sp-pcp-title {margin: 0px 0px 9px 0px;}.pcp-wrapper-1322 .pcp-collapse-header a{display: inline-block;}.pcp-modal-1322 .sp-pcp-title{text-align: left;color: #111; display: block;}.pcp-wrapper-1322 .sp-pcp-title a:hover,.pcp-wrapper-1322 .pcp-collapse-header:hover a{color: #e1624b;}.pcp-wrapper-1322 .sp-pcp-post-content, .pcp-modal-1322 .sp-pcp-post-content, .pcp-wrapper-1322 .sp-pcp-post-content p, .pcp-modal-1322 .sp-pcp-post-content p{text-align: left;text-transform: none;font-size: 16px;line-height: 20px;letter-spacing: 0px;margin: 0px 0px 17px 0px;color: #444; }.pcp-modal-1322 .sp-pcp-post-content,.pcp-modal-1322 .sp-pcp-post-content p,.pcp-modal-1322 .sp-pcp-post-content * {color: #444;}#pcp_wrapper-1322 .sp-pcp-post ,#pcp_wrapper-1322 .sp-pcp-post td, #pcp_wrapper-1322 .table-responsive th {border: 0px solid #e2e2e2; border-radius:0px;}#pcp_wrapper-1322 .sp-pcp-post{background-color: transparent;}#pcp_wrapper-1322 .sp-pcp-post {padding: 0 0 0 0;}#pcp_wrapper-1322 .sp-pcp-post-details {padding: 0 0 0 0;}#pcp_wrapper-1322 .sp-pcp-post .pcp-post-thumb-wrapper{margin: 0px 0px 11px 0px;}.pcp-modal-1322 .sp-pcp-post .sp-pcp-post-thumb-area {margin: 0px 0px 11px 0px;}#pcp_wrapper-1322 .sp-overlay.sp-pcp-post .pcp-post-thumb-wrapper,#pcp_wrapper-1322 .left-thumb.sp-pcp-post .pcp-post-thumb-wrapper,#pcp_wrapper-1322 .right-thumb.sp-pcp-post .pcp-post-thumb-wrapper,#pcp_wrapper-1322 .sp-pcp-content-box.sp-pcp-post .pcp-post-thumb-wrapper{margin: 0;}#pcp_wrapper-1322 .pcp-post-thumb-wrapper{border: 0px solid #dddddd;border-radius:0px;}.pcp-wrapper-1322 .sp_pcp_cf_list,.pcp-popup-1322 .sp_pcp_cf_list{text-align: left;text-transform: none;font-size: 14px;line-height: 18px;letter-spacing: 0px;color: #888;margin: 0px 0px 15px 0px;}.pcp-popup-1322 .sp_pcp_cf_list{color: #888;}.pcp-wrapper-1322 .sp-pcp-post .pcp-category a,.pcp-wrapper-1322 .sp-pcp-post .sp-pcp-post-meta ul li{margin: 0px 5px 5px 0px;}.pcp-wrapper-1322 .sp-pcp-post-meta li,.pcp-wrapper-1322 td.sp-pcp-post-meta,.pcp-wrapper-1322 .sp-pcp-post-meta ul,.pcp-wrapper-1322 .sp-pcp-post-meta li a,.pcp-popup-1322 .sp-pcp-post-meta ul,.pcp-popup-1322 .sp-pcp-post-meta li,.pcp-popup-1322 .sp-pcp-post-meta li a{text-transform: none;font-size: 14px;line-height: 16px;letter-spacing: 0px;color: #888;}.pcp-popup-1322 .sp-pcp-post-meta ul,.pcp-popup-1322 .sp-pcp-post-meta li,.pcp-popup-1322 .sp-pcp-post-meta li a {color: #888;}.pcp-modal-1322 .sp-pcp-post-meta,.pcp-wrapper-1322 .sp-pcp-post-meta{margin: 0px 0px 9px 0px;text-align: left;}.pcp-wrapper-1322 .sp-pcp-post-meta li a:hover,.pcp-popup-1322 .sp-pcp-post-meta li a:hover{color: #e1624b;}#pcp_wrapper-1322 .sp-pcp-post .sp-pcp-social-share{text-align: left;}.pcp-popup-1322 .sp-pcp-post .sp-pcp-social-share{text-align: left;}#pcp_wrapper-1322 .sp-pcp-post .sp-pcp-social-share,.pcp-popup-1322 .sp-pcp-post .sp-pcp-social-share{margin: 0px 0px 0px 0px;}.pcp-popup-1322 .sp-pcp-post .sp-pcp-social-share a.icon_only .fa,#pcp_wrapper-1322 .sp-pcp-post .sp-pcp-social-share a.icon_only .fa{background: transparent;border: none;}#pcp_wrapper-1322 .pcp-readmore-link{text-transform: uppercase; font-size: 12px; line-height: 18px; letter-spacing: 0px; }#pcp_wrapper-1322 .sp-pcp-readmore{ text-align: left; }#pcp_wrapper-1322 .pcp-readmore-link{ background: transparent; color: #111; border: 1px solid #888; border-radius: 0px; } #pcp_wrapper-1322 .pcp-readmore-link:hover { background-color: #e1624b; color: #fff; border-color: #e1624b; }#pcp_wrapper-1322 .wp-block-columns {display: flex;gap: 1em;}#pcp_wrapper-1322 .wp-block-columns >.wp-block-column{flex-basis: 100%;}#pcp_wrapper-1322 .pcp-post-pagination .page-numbers.current, #pcp_wrapper-1322 .pcp-post-pagination a.active , #pcp_wrapper-1322 .pcp-post-pagination a:hover{ color: #5e5e5e; background-color: #ffffff; border-color: #e1624b; }#pcp_wrapper-1322 .pcp-post-pagination,#pcp_wrapper-1322 .pcp-load-more,#pcp_wrapper-1322 .pcp-infinite-scroll-loader{ text-align: left; }#pcp_wrapper-1322 .pcp-post-pagination .page-numbers, .pcp-post-pagination a{ background: #e1624b; color:#ffffff; border: 1px solid #bbbbbb;border-radius: 0px;}#pcp_wrapper-1322 .pcp-load-more button{ background: #e1624b; color: #ffffff; border: 1px solid #bbbbbb; border-radius: 0px; }#pcp_wrapper-1322 .pcp-load-more button:hover{ background: #ffffff; color: #5e5e5e; border: 1px solid #e1624b; cursor: pointer; }#pcp_wrapper-1322 .pcp-filter-bar .pcp-filter-by select{border: 1px solid #bbbbbb;border-radius:2px;}#pcp_wrapper-1322 .pcp-filter-bar .pcp-filter-by select:hover{border-color: #e1624b;}#pcp_wrapper-1322 .pcp-filter-bar .pcp-filter-by select{border: 1px solid #bbbbbb;border-radius:2px;}#pcp_wrapper-1322 .pcp-filter-bar .pcp-filter-by select:hover{border-color: #e1624b;}#pcp_wrapper-1322 .pcp_ex_filter_bar .pcp-order.pcp-bar.fl-btn input~div { background: #ffffff;color:#5e5e5e; border: 1px solid #bbbbbb;border-radius:2px;font-size: 13px;line-height: 24px;text-transform: uppercase;letter-spacing: 0px;}#pcp_wrapper-1322 .pcp_ex_filter_bar .pcp-order.pcp-bar.fl-btn input:checked~div{ color: #ffffff; background: #e1624b; border-color: #e1624b; }#pcp_wrapper-1322 .pcp_ex_filter_bar .pcp-order.pcp-bar.fl-btn input:hover~div{ color: #ffffff; background: #e1624b; border-color: #e1624b; }#pcp_wrapper-1322 .pcp_ex_filter_bar .pcp-order select{ border: 1px solid #bbbbbb;border-radius:2px;}#pcp_wrapper-1322 .pcp_ex_filter_bar .pcp-order select:hover{ border-color: #e1624b;}#pcp_wrapper-1322 .pcp_ex_filter_bar .pcp-order-by select{ border: 1px solid #bbbbbb;border-radius:2px;}#pcp_wrapper-1322 .pcp_ex_filter_bar .pcp-order-by select:hover{ border-color: #e1624b;}#pcp_wrapper-1322 .pcp-shuffle-filter .taxonomy-group{ margin: 0px 0px 30px 0px; }#pcp_wrapper-1322 .pcp-shuffle-filter .pcp-button{background: transparent;color: #444444;margin: 0px 8px 8px 0px;border: 2px solid #bbbbbb;font-size: 13px;text-transform: uppercase;letter-spacing: 0px;}#pcp_wrapper-1322 .pcp-shuffle-filter .pcp-button:hover, #pcp_wrapper-1322 .pcp-shuffle-filter .pcp-button.is-active { background: #e1624b; color: #ffffff; border: 2px solid #e1624b; } @media (max-width: 768px) {.pcp-wrapper-1322 .sp-pcp-title a{ font-size: 18px; line-height: 22px; }.pcp-wrapper-1322 .sp-pcp-post-content, .pcp-wrapper-1322 .sp-pcp-post-content p{ font-size: 14px; line-height: 18px; }#pcp_wrapper-1322 .pcp-readmore-link{ font-size: 12px; line-height: 18px; }.pcp-wrapper-1322 .sp-pcp-post-meta li, .pcp-wrapper-1322 .sp-pcp-post-meta li a { font-size: 14px; line-height: 16px; } .pcp-wrapper-1322 .sp_pcp_cf_list{ font-size: 14px; line-height: 18px; } }@media (max-width: 420px) {.pcp-wrapper-1322 .sp-pcp-title a{ font-size: 16px; line-height: 20px; }.pcp-wrapper-1322 .sp-pcp-post-content, .pcp-wrapper-1322 .sp-pcp-post-content p{ font-size: 12px; line-height: 18px; }#pcp_wrapper-1322 .pcp-readmore-link{ font-size: 10px; line-height: 16px; }.pcp-wrapper-1322 .sp-pcp-post-meta li, .pcp-wrapper-1322 .sp-pcp-post-meta li a{ font-size: 12px; line-height: 16px; } .pcp-wrapper-1322 .sp_pcp_cf_list{ font-size: 12px; line-height: 16px; } }#pcp_wrapper-1322 .pcp-table-layout table tbody tr.sp-pcp-post:nth-child(even) { background-color: hsl(0deg 0% 60% \/ 10%);}.sp-pcp-row .sp-pcp-block-6 { flex: 1 1 calc(50% );}@media (min-width: 1200px) { .sp-pcp-row .sp-pcp-col-xl-1 { flex: 1 1 100%; max-width: 100%; } .sp-pcp-row .sp-pcp-col-xl-2 { flex: 1 1 calc(50% ); max-width: calc(50% ); } .sp-pcp-row .sp-pcp-col-xl-3 { flex: 1 1 calc(33.22% ); max-width: calc(33.22% ); } .sp-pcp-row .sp-pcp-col-xl-4 { flex: 1 1 25%; max-width: 25%; } .sp-pcp-row .sp-pcp-col-xl-5 { flex: 1 1 calc(20% ); max-width: calc(20% ); } .sp-pcp-row .sp-pcp-col-xl-6 { flex: 1 1 calc(16.66% ); max-width: calc(16.66% ); } .sp-pcp-row .sp-pcp-col-xl-7 { flex: 1 1 calc(14.285% );max-width: calc(14.285% ); } .sp-pcp-row .sp-pcp-col-xl-8 { flex: 1 1 calc(12.5% );max-width: calc(12.5% ); }}@media (max-width: 1200px) { .sp-pcp-row .sp-pcp-col-lg-1 { flex: 1 1 100%; max-width: 100%; } .sp-pcp-row .sp-pcp-col-lg-2 { flex: 1 1 calc(50% );max-width: calc(50% ); } .sp-pcp-row .sp-pcp-col-lg-3 { flex: 1 1 calc(33.22% ); max-width: calc(33.22% ); } .sp-pcp-row .sp-pcp-col-lg-4 { flex: 1 1 calc(25% ); max-width: calc(25% ); } .sp-pcp-row .sp-pcp-col-lg-5 { flex: 1 1 calc(20% ); max-width: calc(20% ); } .sp-pcp-row .sp-pcp-col-lg-6 { flex: 1 1 calc(16.66% ); max-width: calc(16.66% ); } .sp-pcp-row .sp-pcp-col-lg-7 { flex: 1 1 calc(14.285% ); max-width: calc(14.285% ); } .sp-pcp-row .sp-pcp-col-lg-8 { flex: 1 1 calc(12.5% ); max-width: calc(12.5% ); }}@media (max-width: 992px) { .sp-pcp-row .sp-pcp-col-md-1 { flex: 1 1 100%; max-width: 100%; } .sp-pcp-row .sp-pcp-col-md-2 { flex: 1 1 calc(50% ); max-width: calc(50% ); } .sp-pcp-row .sp-pcp-col-md-2-5 { flex: 1 1 calc(75% ); max-width: calc(75% ); } .sp-pcp-row .sp-pcp-col-md-3 { flex: 1 1 calc(33.22% ); max-width: calc(33.22% ); } .sp-pcp-row .sp-pcp-col-md-4 { flex: 1 1 calc(25% ); max-width: 25%; } .sp-pcp-row .sp-pcp-col-md-5 { flex: 1 1 calc(20% ); max-width: calc(25% ); } .sp-pcp-row .sp-pcp-col-md-6 { flex: 1 1 calc(16.66% ); max-width: calc(16.66% ); } .sp-pcp-row .sp-pcp-col-md-7 { flex: 1 1 calc(14.285% ); max-width: calc(14.285% ); } .sp-pcp-row .sp-pcp-col-md-8 { flex: 1 1 calc(12.5% ); max-width: calc(12.5% ); }}@media (max-width: 768px) { .sp-pcp-row .sp-pcp-col-sm-1 { flex: 1 1 100%; max-width: 100%; } .sp-pcp-row .sp-pcp-col-sm-2 { flex: 1 1 calc(50% ); max-width: calc(50% ); } .sp-pcp-row .sp-pcp-col-sm-2-5 { flex: 1 1 calc(75% ); max-width: calc(75% ); } .sp-pcp-row .sp-pcp-col-sm-3 { flex: 1 1 calc(33.22% ); max-width: calc(33.22% ); } .sp-pcp-row .sp-pcp-col-sm-4 { flex: 1 1 calc(25% ); max-width: calc(25% ); } .sp-pcp-row .sp-pcp-col-sm-5 { flex: 1 1 calc(20% ); max-width: calc(20% ); } .sp-pcp-row .sp-pcp-col-sm-6 { flex: 1 1 calc(16.66% ); max-width: calc(16.66% ); } .sp-pcp-row .sp-pcp-col-sm-7 { flex: 1 1 calc(14.285% ); max-width: calc(14.285% ); } .sp-pcp-row .sp-pcp-col-sm-8 { flex: 1 1 calc(12.5% ); max-width: calc(12.5% ); }}.pcp-post-pagination.pcp-on-mobile { display: none;}@media (max-width: 576px) {.sp-pcp-row .sp-pcp-col-xs-1 { flex: 1 1 100%; max-width: 100%; } .sp-pcp-row .sp-pcp-col-xs-2 { flex: 1 1 calc(50% ); max-width: calc(50% ); } .sp-pcp-row .sp-pcp-col-xs-3 { flex: 1 1 calc(33.22% ); max-width: calc(33.22% ); } .sp-pcp-row .sp-pcp-col-xs-4 { flex: 1 1 calc(25% ); max-width: calc(25% ); } .sp-pcp-row .sp-pcp-col-xs-5 { flex: 1 1 calc(20% ); max-width: calc(20% ); } .sp-pcp-row .sp-pcp-col-xs-6 { flex: 1 1 calc(16.66% ); max-width: calc(16.66% ); } .sp-pcp-row .sp-pcp-col-xs-7 { flex: 1 1 calc(14.285% ); max-width: calc(14.285% ); } .sp-pcp-row .sp-pcp-col-xs-8 { flex: 1 1 calc(12.5% ); max-width: calc(12.5% ); } .pcp-post-pagination.pcp-on-mobile:not(.pcp-hide) { display: block; } .pcp-post-pagination:not(.pcp-on-mobile) { display: none; }}<\/style><div id=\"pcp_wrapper-1322\"class=\"sp-pcp-section sp-pcp-container pcp-wrapper-1322\" data-pagination=ajax_load_more data-pagination_mobile=infinite_scroll data-sid=1322 data-sid=\"1322\" data-lang=\"\"><div class=\"sp-pcp-row\"><div class=\"sp-pcp-col-xs-1\"><div class=\"sp-pcp-post left-thumb pcp-item-1541\" data-id=\"1541\"><div class=\"sp-pcp-post-details \"><div class=\"sp-pcp-post-details-content\"><h2 class=\"sp-pcp-title\"><a href=\"https:\/\/interfilm-deutschland.de\/?p=1541\" target=\"_self\">Jenseits der blauen Grenze<\/a><\/h2><div class=\"sp-pcp-post-content\">Preistr\u00e4ger:45. Filmfestival Max Oph\u00fcls Preis, Saarbr\u00fccken 2024, Preis der \u00d6kumenischen JuryGeplanter Filmstart:03.10.2024Regie:Sarah Neumann (Deutschland 2024)Verleih:Across Nations Filmverleih UG&nbsp; Sommer 1989, an der Ostsee. Die ehrgeizige Hanna (Lena Urzendowsky) ist eine talentierte Schwimmerin und trainiert regelm\u00e4\u00dfig und diszipliniert, um einmal ihren gro\u00dfen Traum zu erreichen: sie will Olympiasiegerin werden. Und wenn sie nicht schwimmt, verbringt sie ihre...<div class=\"sp-pcp-readmore\"><a class=\"pcp-readmore-link\" target=\"_self\" href=\"https:\/\/interfilm-deutschland.de\/?p=1541\">Weitere Informationen <\/a><\/div><\/div><\/div><\/div><\/div><\/div><div class=\"sp-pcp-col-xs-1\"><div class=\"sp-pcp-post left-thumb pcp-item-1547\" data-id=\"1547\"><div class=\"sp-pcp-post-details \"><div class=\"sp-pcp-post-details-content\"><h2 class=\"sp-pcp-title\"><a href=\"https:\/\/interfilm-deutschland.de\/?p=1547\" target=\"_self\">Rosalie<\/a><\/h2><div class=\"sp-pcp-post-content\">Preistr\u00e4ger: 19. Festival des franz\u00f6sischen Films in der Schweiz (Biel), Prix C\u00e9lestine von Interfilm Schweiz Geplanter Filmstart: 19.09.2024 Regie: St\u00e9phanie De Giusto Verleih: X Verleih AGWebsite: https:\/\/www.x-verleih.de\/filme\/rosalie\/ Rosalie lebt um 1870 in Frankreich und ist seit ihrer Geburt stark behaart. Nach ihrer Heirat mit Abel will sie ihre Andersartigkeit nicht l\u00e4nger verbergen. Der Film zeigt den...<div class=\"sp-pcp-readmore\"><a class=\"pcp-readmore-link\" target=\"_self\" href=\"https:\/\/interfilm-deutschland.de\/?p=1547\">Weitere Informationen <\/a><\/div><\/div><\/div><\/div><\/div><\/div><div class=\"sp-pcp-col-xs-1\"><div class=\"sp-pcp-post left-thumb pcp-item-1543\" data-id=\"1543\"><div class=\"sp-pcp-post-details \"><div class=\"sp-pcp-post-details-content\"><h2 class=\"sp-pcp-title\"><a href=\"https:\/\/interfilm-deutschland.de\/?p=1543\" target=\"_self\">Patagonia<\/a><\/h2><div class=\"sp-pcp-post-content\">Preistr\u00e4ger: 76. Filmfestival Locarno 2023, Preis der \u00d6kumenischen Jury Geplanter Filmstart: 22.08.2024 Regie: Simone Bozzelli (Italien 2023) Verleih: Salzgeber &amp; Co Medien GmbHWebsite: https:\/\/salzgeber.de\/patagonia Wo ist der schmale Grat zwischen Abh\u00e4ngigkeit und Freiheit? Wo der zwischen Liebe und Unterwerfung? Zwischen Empathie und Verantwortung? Der verletzliche und beh\u00fctete Yuri verl\u00e4sst sein Zuhause, um Agostino zu folgen, einem...<div class=\"sp-pcp-readmore\"><a class=\"pcp-readmore-link\" target=\"_self\" href=\"https:\/\/interfilm-deutschland.de\/?p=1543\">Weitere Informationen <\/a><\/div><\/div><\/div><\/div><\/div><\/div><div class=\"sp-pcp-col-xs-1\"><div class=\"sp-pcp-post left-thumb pcp-item-1539\" data-id=\"1539\"><div class=\"sp-pcp-post-details \"><div class=\"sp-pcp-post-details-content\"><h2 class=\"sp-pcp-title\"><a href=\"https:\/\/interfilm-deutschland.de\/?p=1539\" target=\"_self\">Green Border<\/a><\/h2><div class=\"sp-pcp-post-content\">Preistr\u00e4ger: \u00d6kumenischer Filmpreis des Kirchlichen Filmfestivals Recklinghausen 2024 Geplanter Filmstart: 01.02.2024 Regie: Agnieszka Holland (Polen, Frankreich, Tschechische Republik, Belgien 2023) Verleih: Piffl Medien GmbHWebsite: https:\/\/pifflmedien.de\/filme\/green-border\/<div class=\"sp-pcp-readmore\"><a class=\"pcp-readmore-link\" target=\"_self\" href=\"https:\/\/interfilm-deutschland.de\/?p=1539\">Weitere Informationen <\/a><\/div><\/div><\/div><\/div><\/div><\/div><div class=\"sp-pcp-col-xs-1\"><div class=\"sp-pcp-post left-thumb pcp-item-1370\" data-id=\"1370\"><div class=\"sp-pcp-post-details \"><div class=\"sp-pcp-post-details-content\"><h2 class=\"sp-pcp-title\"><a href=\"https:\/\/interfilm-deutschland.de\/?p=1370\" target=\"_self\">Kein Wort<\/a><\/h2><div class=\"sp-pcp-post-content\">Preis der \u00f6kumenischen Jury 39. Film Festival Warschau 2023<div class=\"sp-pcp-readmore\"><a class=\"pcp-readmore-link\" target=\"_self\" href=\"https:\/\/interfilm-deutschland.de\/?p=1370\">Weitere Informationen <\/a><\/div><\/div><\/div><\/div><\/div><\/div><div class=\"sp-pcp-col-xs-1\"><div class=\"sp-pcp-post left-thumb pcp-item-1346\" data-id=\"1346\"><div class=\"sp-pcp-post-details \"><div class=\"sp-pcp-post-details-content\"><h2 class=\"sp-pcp-title\"><a href=\"https:\/\/interfilm-deutschland.de\/?p=1346\" target=\"_self\">Amsel im Brombeerstrauch<\/a><\/h2><div class=\"sp-pcp-post-content\">Preistr\u00e4ger: 33. FilmFestival Cottbus \u2013 Festival des osteurop\u00e4ischen Films<div class=\"sp-pcp-readmore\"><a class=\"pcp-readmore-link\" target=\"_self\" href=\"https:\/\/interfilm-deutschland.de\/?p=1346\">Weitere Informationen <\/a><\/div><\/div><\/div><\/div><\/div><\/div><div class=\"sp-pcp-col-xs-1\"><div class=\"sp-pcp-post left-thumb pcp-item-1318\" data-id=\"1318\"><div class=\"sp-pcp-post-details \"><div class=\"sp-pcp-post-details-content\"><h2 class=\"sp-pcp-title\"><a href=\"https:\/\/interfilm-deutschland.de\/?p=1318\" target=\"_self\">Ich Capitano (Io Capitano)<\/a><\/h2><div class=\"sp-pcp-post-content\">Preistr\u00e4ger Venedig 2023 INTERFILM-Preis zur F\u00f6rderung des interreligi\u00f6sen Dialogs<div class=\"sp-pcp-readmore\"><a class=\"pcp-readmore-link\" target=\"_self\" href=\"https:\/\/interfilm-deutschland.de\/?p=1318\">Weitere Informationen <\/a><\/div><\/div><\/div><\/div><\/div><\/div><div class=\"sp-pcp-col-xs-1\"><div class=\"sp-pcp-post left-thumb pcp-item-1292\" data-id=\"1292\"><div class=\"sp-pcp-post-details \"><div class=\"sp-pcp-post-details-content\"><h2 class=\"sp-pcp-title\"><a href=\"https:\/\/interfilm-deutschland.de\/?p=1292\" target=\"_self\">My Favourite Cake (Ein kleines St\u00fcck vom Kuchen)<\/a><\/h2><div class=\"sp-pcp-post-content\">Preistr\u00e4ger Berlinale 2024: Preis der \u00d6kumenischen Jury \/ Wettbewerb<div class=\"sp-pcp-readmore\"><a class=\"pcp-readmore-link\" target=\"_self\" href=\"https:\/\/interfilm-deutschland.de\/?p=1292\">Weitere Informationen <\/a><\/div><\/div><\/div><\/div><\/div><\/div><div class=\"sp-pcp-col-xs-1\"><div class=\"sp-pcp-post left-thumb pcp-item-1032\" data-id=\"1032\"><div class=\"sp-pcp-post-details \"><div class=\"sp-pcp-post-details-content\"><h2 class=\"sp-pcp-title\"><a href=\"https:\/\/interfilm-deutschland.de\/?p=1032\" target=\"_self\">Blaga&#8217;s Lessons<\/a><\/h2><div class=\"sp-pcp-post-content\">57. Int. Filmfestival Karlovy Vary 2023, Preis der \u00f6kumenischen Jury<div class=\"sp-pcp-readmore\"><a class=\"pcp-readmore-link\" target=\"_self\" href=\"https:\/\/interfilm-deutschland.de\/?p=1032\">Weitere Informationen <\/a><\/div><\/div><\/div><\/div><\/div><\/div><\/div><span class=\"sp-pcp-pagination-data\" style=\"display:none;\" data-loadmoretext=\"Weitere Filme laden\" data-endingtext=\"No more posts available\"><\/span><nav class=\"pcp-post-pagination pcp-on-desktop ajax_load_more\"><\/nav><nav class=\"pcp-post-pagination pcp-on-mobile infinite_scroll\"><\/nav><\/div>\n","protected":false},"excerpt":{"rendered":"","protected":false},"author":2,"featured_media":0,"parent":943,"menu_order":1,"comment_status":"closed","ping_status":"closed","template":"","meta":{"_acf_changed":false,"footnotes":""},"class_list":["post-1328","page","type-page","status-publish","hentry"],"acf":[],"publishpress_future_action":{"enabled":false,"date":"2026-05-05 19:50:19","action":"change-status","newStatus":"draft","terms":[],"taxonomy":"","extraData":[]},"publishpress_future_workflow_manual_trigger":{"enabledWorkflows":[]},"_links":{"self":[{"href":"https:\/\/interfilm-deutschland.de\/index.php?rest_route=\/wp\/v2\/pages\/1328","targetHints":{"allow":["GET"]}}],"collection":[{"href":"https:\/\/interfilm-deutschland.de\/index.php?rest_route=\/wp\/v2\/pages"}],"about":[{"href":"https:\/\/interfilm-deutschland.de\/index.php?rest_route=\/wp\/v2\/types\/page"}],"author":[{"embeddable":true,"href":"https:\/\/interfilm-deutschland.de\/index.php?rest_route=\/wp\/v2\/users\/2"}],"replies":[{"embeddable":true,"href":"https:\/\/interfilm-deutschland.de\/index.php?rest_route=%2Fwp%2Fv2%2Fcomments&post=1328"}],"version-history":[{"count":1,"href":"https:\/\/interfilm-deutschland.de\/index.php?rest_route=\/wp\/v2\/pages\/1328\/revisions"}],"predecessor-version":[{"id":1329,"href":"https:\/\/interfilm-deutschland.de\/index.php?rest_route=\/wp\/v2\/pages\/1328\/revisions\/1329"}],"up":[{"embeddable":true,"href":"https:\/\/interfilm-deutschland.de\/index.php?rest_route=\/wp\/v2\/pages\/943"}],"wp:attachment":[{"href":"https:\/\/interfilm-deutschland.de\/index.php?rest_route=%2Fwp%2Fv2%2Fmedia&parent=1328"}],"curies":[{"name":"wp","href":"https:\/\/api.w.org\/{rel}","templated":true}]}}