{"id":792,"date":"2023-08-26T13:52:13","date_gmt":"2023-08-26T13:52:13","guid":{"rendered":"https:\/\/interfilm-deutschland.de\/?page_id=792"},"modified":"2025-10-17T07:56:43","modified_gmt":"2025-10-17T05:56:43","slug":"792-2","status":"publish","type":"page","link":"https:\/\/interfilm-deutschland.de\/?page_id=792","title":{"rendered":"Podcasts, etc."},"content":{"rendered":"\n<h1 class=\"wp-block-heading\">Podcasts<\/h1>\n\n\n\n<p class=\"has-text-align-center\"><strong><a href=\"#VAFEH\">Vier Augen f\u00fcr ein Halleluja<\/a> &nbsp; &nbsp; &nbsp; &nbsp; &nbsp;<a href=\"#Flux\" data-type=\"internal\" data-id=\"#Flux\">Der Fluxkompensator-Podcast<\/a><\/strong><\/p>\n\n\n\n<h2 class=\"wp-block-heading\">Vier Augen f\u00fcr ein Halleluja<\/h2>\n\n\n\n<h3 class=\"wp-block-heading\">Der Podcast zu Kino und Kirche<\/h3>\n\n\n\n<div class=\"wp-block-columns is-layout-flex wp-container-core-columns-is-layout-9d6595d7 wp-block-columns-is-layout-flex\">\n<div class=\"wp-block-column is-layout-flow wp-block-column-is-layout-flow\" style=\"flex-basis:66.66%\">\n<p>Regelm\u00e4\u00dfig treffen sich Pfarrer Christian Engels, Leiter der Filmkulturellen Arbeit im Gemeinschaftswerk der Evangelischen Publizistik (GEP), und Gereon Terhorst, Wissenschaftlicher Mitarbeiter an der Universit\u00e4t M\u00fcnster und als @kinopfarrer auf Instagram, um \u00fcber das zu sprechen, wof\u00fcr ihr Herz schl\u00e4gt: Das Kino. Dabei blicken Sie auf das, was gerade oder demn\u00e4chst im Kino l\u00e4uft und wenden sich spannenden Themen rund um das Themenfeld Film und Religion zu. Mal nur zu zweit, mal mit spannenden G\u00e4st*innen. <br>Der Podcast wird supportet durch YEET- Das Evangelische Contentnetzwerk (<a href=\"https:\/\/yeet.evangelisch.de\" target=\"_blank\" rel=\"noopener\">https:\/\/yeet.evangelisch.de<\/a>)<\/p>\n<\/div>\n\n\n\n<div class=\"wp-block-column is-layout-flow wp-block-column-is-layout-flow\" style=\"flex-basis:33.33%\">\n<figure class=\"wp-block-image size-large\"><img loading=\"lazy\" decoding=\"async\" width=\"1024\" height=\"1024\" src=\"https:\/\/interfilm-deutschland.de\/wp-content\/uploads\/2023\/08\/Logo-Podcast_1-1024x1024.jpg\" alt=\"\" class=\"wp-image-795\" srcset=\"https:\/\/interfilm-deutschland.de\/wp-content\/uploads\/2023\/08\/Logo-Podcast_1-1024x1024.jpg 1024w, https:\/\/interfilm-deutschland.de\/wp-content\/uploads\/2023\/08\/Logo-Podcast_1-300x300.jpg 300w, https:\/\/interfilm-deutschland.de\/wp-content\/uploads\/2023\/08\/Logo-Podcast_1-150x150.jpg 150w, https:\/\/interfilm-deutschland.de\/wp-content\/uploads\/2023\/08\/Logo-Podcast_1-768x768.jpg 768w, https:\/\/interfilm-deutschland.de\/wp-content\/uploads\/2023\/08\/Logo-Podcast_1-1536x1536.jpg 1536w, https:\/\/interfilm-deutschland.de\/wp-content\/uploads\/2023\/08\/Logo-Podcast_1-2048x2048.jpg 2048w, https:\/\/interfilm-deutschland.de\/wp-content\/uploads\/2023\/08\/Logo-Podcast_1-1080x1080.jpg 1080w, https:\/\/interfilm-deutschland.de\/wp-content\/uploads\/2023\/08\/Logo-Podcast_1-1280x1280.jpg 1280w, https:\/\/interfilm-deutschland.de\/wp-content\/uploads\/2023\/08\/Logo-Podcast_1-980x980.jpg 980w, https:\/\/interfilm-deutschland.de\/wp-content\/uploads\/2023\/08\/Logo-Podcast_1-480x480.jpg 480w\" sizes=\"auto, (max-width: 1024px) 100vw, 1024px\" \/><\/figure>\n<\/div>\n<\/div>\n\n\n\n<h4 class=\"wp-block-heading\">Aktuelle Folge:<\/h4>\n\n\n\n<p><iframe style=\"width: 100%; min-width: 275px; min-height: 525px; max-width: 475px; max-height: 800px; border: 0; overflow: hidden;\" src=\"https:\/\/www.podcaster.de\/whiteplayer\/?id=999d23c2-9eee-448f-81fb-1f3c3a4aa721&amp;v=1693073998\"><\/iframe><\/p>\n\n\n\n<hr class=\"wp-block-separator has-alpha-channel-opacity\"\/>\n\n\n\n<h2 class=\"wp-block-heading\" id=\"Flux\">Der Fluxkompensator-Podcast<\/h2>\n\n\n\n<div class=\"wp-block-columns is-layout-flex wp-container-core-columns-is-layout-9d6595d7 wp-block-columns-is-layout-flex\">\n<div class=\"wp-block-column is-layout-flow wp-block-column-is-layout-flow\" style=\"flex-basis:33.33%\">\n<figure class=\"wp-block-image size-full\"><img loading=\"lazy\" decoding=\"async\" width=\"279\" height=\"300\" src=\"https:\/\/interfilm-deutschland.de\/wp-content\/uploads\/2024\/05\/Logo-Farbe-Rand-mit-Hindergrundfarbe_Footer-500_x_500-279x300-2.jpg\" alt=\"\" class=\"wp-image-1253\"\/><\/figure>\n<\/div>\n\n\n\n<div class=\"wp-block-column is-layout-flow wp-block-column-is-layout-flow\" style=\"flex-basis:66.66%\">\n<p>Im Fluxkompensator-Podcast redet die Redaktion \u00fcber Filme, die sie besonders interessiert, und lenkt den Blick auf Details, die man sonst vielleicht \u00fcbersieht. Der Filmemacher Franz Indra und der Autor Stefan Preis diskutieren \u00fcber Filme, die sie bei den Hamburger Filmgespr\u00e4chen gezeigt haben oder dies planen.<\/p>\n\n\n\n<p><a href=\"https:\/\/blog-fluxkompensator.de\/podcast-alle-folgen\">Zur Website des Podcasts mit allen Folgen<\/a><\/p>\n<\/div>\n<\/div>\n\n\n\n<h3 class=\"wp-block-heading\">Aktuelle Folge:<\/h3>\n\n\n\n<p>Episode #12: Die Fliege<\/p>\n\n\n\n<p>Stefan Preis und Franz Indra sprechen \u00fcber DIE FLIEGE \/ THE FLY (1986) von David Cronenberg und den gleichnamigen Originalfilm (1958) von Kurt Neumann.<\/p>\n\n\n\n<p>DIE FLIEGE markiert Cronenbergs Wechsel nach Hollywood, der Film ist ein schreckliches Meisterwerk der Tricktechnik und des body horrors. Wir folgen Brundles Weg in den Wahnsinn und werfen auch einen Blick auf die alternativen Enden und weitere gestrichene Szenen.<\/p>\n\n\n\n<p><a href=\"https:\/\/blog-fluxkompensator.de\/podcast-episode-12-die-fliege-1986-mit-stefan-preis-franz-indra\">https:\/\/blog-fluxkompensator.de\/podcast-episode-12-die-fliege-1986-mit-stefan-preis-franz-indra<\/a><\/p>\n","protected":false},"excerpt":{"rendered":"<p>Podcasts Vier Augen f\u00fcr ein Halleluja &nbsp; &nbsp; &nbsp; &nbsp; &nbsp;Der Fluxkompensator-Podcast Vier Augen f\u00fcr ein Halleluja Der Podcast zu Kino und Kirche Regelm\u00e4\u00dfig treffen sich Pfarrer Christian Engels, Leiter der Filmkulturellen Arbeit im Gemeinschaftswerk der Evangelischen Publizistik (GEP), und Gereon Terhorst, Wissenschaftlicher Mitarbeiter an der Universit\u00e4t M\u00fcnster und als @kinopfarrer auf Instagram, um \u00fcber das zu sprechen, wof\u00fcr ihr Herz schl\u00e4gt: Das Kino. Dabei blicken Sie auf das, was gerade oder demn\u00e4chst im Kino [&#8230;]<\/p>\n","protected":false},"author":2,"featured_media":0,"parent":830,"menu_order":2,"comment_status":"closed","ping_status":"closed","template":"","meta":{"_acf_changed":false,"footnotes":""},"class_list":["post-792","page","type-page","status-publish","hentry"],"acf":[],"publishpress_future_action":{"enabled":false,"date":"2026-05-05 16:48:56","action":"change-status","newStatus":"draft","terms":[],"taxonomy":"","extraData":[]},"publishpress_future_workflow_manual_trigger":{"enabledWorkflows":[]},"_links":{"self":[{"href":"https:\/\/interfilm-deutschland.de\/index.php?rest_route=\/wp\/v2\/pages\/792","targetHints":{"allow":["GET"]}}],"collection":[{"href":"https:\/\/interfilm-deutschland.de\/index.php?rest_route=\/wp\/v2\/pages"}],"about":[{"href":"https:\/\/interfilm-deutschland.de\/index.php?rest_route=\/wp\/v2\/types\/page"}],"author":[{"embeddable":true,"href":"https:\/\/interfilm-deutschland.de\/index.php?rest_route=\/wp\/v2\/users\/2"}],"replies":[{"embeddable":true,"href":"https:\/\/interfilm-deutschland.de\/index.php?rest_route=%2Fwp%2Fv2%2Fcomments&post=792"}],"version-history":[{"count":15,"href":"https:\/\/interfilm-deutschland.de\/index.php?rest_route=\/wp\/v2\/pages\/792\/revisions"}],"predecessor-version":[{"id":1584,"href":"https:\/\/interfilm-deutschland.de\/index.php?rest_route=\/wp\/v2\/pages\/792\/revisions\/1584"}],"up":[{"embeddable":true,"href":"https:\/\/interfilm-deutschland.de\/index.php?rest_route=\/wp\/v2\/pages\/830"}],"wp:attachment":[{"href":"https:\/\/interfilm-deutschland.de\/index.php?rest_route=%2Fwp%2Fv2%2Fmedia&parent=792"}],"curies":[{"name":"wp","href":"https:\/\/api.w.org\/{rel}","templated":true}]}}

<h1 class="wp-block-heading">Podcasts</h1>



<p class="has-text-align-center"><strong><a href="#VAFEH">Vier Augen für ein Halleluja</a> &nbsp; &nbsp; &nbsp; &nbsp; &nbsp;<a href="#Flux" data-type="internal" data-id="#Flux">Der Fluxkompensator-Podcast</a></strong></p>



<h2 class="wp-block-heading">Vier Augen für ein Halleluja</h2>



<h3 class="wp-block-heading">Der Podcast zu Kino und Kirche</h3>



<div class="wp-block-columns is-layout-flex wp-container-core-columns-is-layout-9d6595d7 wp-block-columns-is-layout-flex">
<div class="wp-block-column is-layout-flow wp-block-column-is-layout-flow" style="flex-basis:66.66%">
<p>Regelmäßig treffen sich Pfarrer Christian Engels, Leiter der Filmkulturellen Arbeit im Gemeinschaftswerk der Evangelischen Publizistik (GEP), und Gereon Terhorst, Wissenschaftlicher Mitarbeiter an der Universität Münster und als @kinopfarrer auf Instagram, um über das zu sprechen, wofür ihr Herz schlägt: Das Kino. Dabei blicken Sie auf das, was gerade oder demnächst im Kino läuft und wenden sich spannenden Themen rund um das Themenfeld Film und Religion zu. Mal nur zu zweit, mal mit spannenden Gäst*innen. <br>Der Podcast wird supportet durch YEET- Das Evangelische Contentnetzwerk (<a href="https://yeet.evangelisch.de" target="_blank" rel="noopener">https://yeet.evangelisch.de</a>)</p>
</div>



<div class="wp-block-column is-layout-flow wp-block-column-is-layout-flow" style="flex-basis:33.33%">
<figure class="wp-block-image size-large"><img loading="lazy" decoding="async" width="1024" height="1024" src="https://interfilm-deutschland.de/wp-content/uploads/2023/08/Logo-Podcast_1-1024x1024.jpg" alt="" class="wp-image-795" srcset="https://interfilm-deutschland.de/wp-content/uploads/2023/08/Logo-Podcast_1-1024x1024.jpg 1024w, https://interfilm-deutschland.de/wp-content/uploads/2023/08/Logo-Podcast_1-300x300.jpg 300w, https://interfilm-deutschland.de/wp-content/uploads/2023/08/Logo-Podcast_1-150x150.jpg 150w, https://interfilm-deutschland.de/wp-content/uploads/2023/08/Logo-Podcast_1-768x768.jpg 768w, https://interfilm-deutschland.de/wp-content/uploads/2023/08/Logo-Podcast_1-1536x1536.jpg 1536w, https://interfilm-deutschland.de/wp-content/uploads/2023/08/Logo-Podcast_1-2048x2048.jpg 2048w, https://interfilm-deutschland.de/wp-content/uploads/2023/08/Logo-Podcast_1-1080x1080.jpg 1080w, https://interfilm-deutschland.de/wp-content/uploads/2023/08/Logo-Podcast_1-1280x1280.jpg 1280w, https://interfilm-deutschland.de/wp-content/uploads/2023/08/Logo-Podcast_1-980x980.jpg 980w, https://interfilm-deutschland.de/wp-content/uploads/2023/08/Logo-Podcast_1-480x480.jpg 480w" sizes="auto, (max-width: 1024px) 100vw, 1024px" /></figure>
</div>
</div>



<h4 class="wp-block-heading">Aktuelle Folge:</h4>



<p><iframe style="width: 100%; min-width: 275px; min-height: 525px; max-width: 475px; max-height: 800px; border: 0; overflow: hidden;" src="https://www.podcaster.de/whiteplayer/?id=999d23c2-9eee-448f-81fb-1f3c3a4aa721&amp;v=1693073998"></iframe></p>



<hr class="wp-block-separator has-alpha-channel-opacity"/>



<h2 class="wp-block-heading" id="Flux">Der Fluxkompensator-Podcast</h2>



<div class="wp-block-columns is-layout-flex wp-container-core-columns-is-layout-9d6595d7 wp-block-columns-is-layout-flex">
<div class="wp-block-column is-layout-flow wp-block-column-is-layout-flow" style="flex-basis:33.33%">
<figure class="wp-block-image size-full"><img loading="lazy" decoding="async" width="279" height="300" src="https://interfilm-deutschland.de/wp-content/uploads/2024/05/Logo-Farbe-Rand-mit-Hindergrundfarbe_Footer-500_x_500-279x300-2.jpg" alt="" class="wp-image-1253"/></figure>
</div>



<div class="wp-block-column is-layout-flow wp-block-column-is-layout-flow" style="flex-basis:66.66%">
<p>Im Fluxkompensator-Podcast redet die Redaktion über Filme, die sie besonders interessiert, und lenkt den Blick auf Details, die man sonst vielleicht übersieht. Der Filmemacher Franz Indra und der Autor Stefan Preis diskutieren über Filme, die sie bei den Hamburger Filmgesprächen gezeigt haben oder dies planen.</p>



<p><a href="https://blog-fluxkompensator.de/podcast-alle-folgen">Zur Website des Podcasts mit allen Folgen</a></p>
</div>
</div>



<h3 class="wp-block-heading">Aktuelle Folge:</h3>



<p>Episode #12: Die Fliege</p>



<p>Stefan Preis und Franz Indra sprechen über DIE FLIEGE / THE FLY (1986) von David Cronenberg und den gleichnamigen Originalfilm (1958) von Kurt Neumann.</p>



<p>DIE FLIEGE markiert Cronenbergs Wechsel nach Hollywood, der Film ist ein schreckliches Meisterwerk der Tricktechnik und des body horrors. Wir folgen Brundles Weg in den Wahnsinn und werfen auch einen Blick auf die alternativen Enden und weitere gestrichene Szenen.</p>



<p><a href="https://blog-fluxkompensator.de/podcast-episode-12-die-fliege-1986-mit-stefan-preis-franz-indra">https://blog-fluxkompensator.de/podcast-episode-12-die-fliege-1986-mit-stefan-preis-franz-indra</a></p>

<p>Podcasts Vier Augen für ein Halleluja &nbsp; &nbsp; &nbsp; &nbsp; &nbsp;Der Fluxkompensator-Podcast Vier Augen für ein Halleluja Der Podcast zu Kino und Kirche Regelmäßig treffen sich Pfarrer Christian Engels, Leiter der Filmkulturellen Arbeit im Gemeinschaftswerk der Evangelischen Publizistik (GEP), und Gereon Terhorst, Wissenschaftlicher Mitarbeiter an der Universität Münster und als @kinopfarrer auf Instagram, um über das zu sprechen, wofür ihr Herz schlägt: Das Kino. Dabei blicken Sie auf das, was gerade oder demnächst im Kino [&#8230;]</p>
