{"id":807,"date":"2023-08-26T14:42:41","date_gmt":"2023-08-26T14:42:41","guid":{"rendered":"https:\/\/interfilm-deutschland.de\/?page_id=807"},"modified":"2025-01-09T17:00:18","modified_gmt":"2025-01-09T16:00:18","slug":"social-media","status":"publish","type":"page","link":"https:\/\/interfilm-deutschland.de\/?page_id=807","title":{"rendered":"Social Media"},"content":{"rendered":"\n<h1 class=\"wp-block-heading\">&nbsp;Instagram<\/h1>\n\n\n\n<h3 class=\"wp-block-heading\"><a href=\"https:\/\/www.instagram.com\/kinopfarrer\/\" target=\"_blank\" rel=\"noopener\">@Kinopfarrer<\/a><\/h3>\n\n\n\n<figure class=\"wp-block-image alignleft size-large is-resized\"><img loading=\"lazy\" decoding=\"async\" width=\"1024\" height=\"1024\" src=\"https:\/\/interfilm-deutschland.de\/wp-content\/uploads\/2024\/09\/2024-07-31-kinopfarrer-logo_1-1024x1024.png\" alt=\"\" class=\"wp-image-1491\" style=\"width:172px;height:auto\" srcset=\"https:\/\/interfilm-deutschland.de\/wp-content\/uploads\/2024\/09\/2024-07-31-kinopfarrer-logo_1-1024x1024.png 1024w, https:\/\/interfilm-deutschland.de\/wp-content\/uploads\/2024\/09\/2024-07-31-kinopfarrer-logo_1-300x300.png 300w, https:\/\/interfilm-deutschland.de\/wp-content\/uploads\/2024\/09\/2024-07-31-kinopfarrer-logo_1-150x150.png 150w, https:\/\/interfilm-deutschland.de\/wp-content\/uploads\/2024\/09\/2024-07-31-kinopfarrer-logo_1-768x768.png 768w, https:\/\/interfilm-deutschland.de\/wp-content\/uploads\/2024\/09\/2024-07-31-kinopfarrer-logo_1-1536x1536.png 1536w, https:\/\/interfilm-deutschland.de\/wp-content\/uploads\/2024\/09\/2024-07-31-kinopfarrer-logo_1-2048x2048.png 2048w, https:\/\/interfilm-deutschland.de\/wp-content\/uploads\/2024\/09\/2024-07-31-kinopfarrer-logo_1-1800x1800.png 1800w, https:\/\/interfilm-deutschland.de\/wp-content\/uploads\/2024\/09\/2024-07-31-kinopfarrer-logo_1-900x900.png 900w\" sizes=\"auto, (max-width: 1024px) 100vw, 1024px\" \/><\/figure>\n\n\n\n<p>Auf seiner Instagramseite ver\u00f6ffentlicht Gereon Terhorst regelm\u00e4\u00dfig Filmreviews zu aktuellen Kinofilmen. Au\u00dferdem gibt es Filmtipps aus dem aktuellen Streamingangebot und auch immer wieder Gedanken zum Thema Film und Glaube.<\/p>\n\n\n\n<h2 class=\"wp-block-heading\">Youtube<\/h2>\n\n\n\n<div class=\"wp-block-columns is-layout-flex wp-container-core-columns-is-layout-9d6595d7 wp-block-columns-is-layout-flex\">\n<div class=\"wp-block-column is-layout-flow wp-block-column-is-layout-flow\" style=\"flex-basis:33.33%\">\n<figure class=\"wp-block-image size-full\"><img loading=\"lazy\" decoding=\"async\" width=\"176\" height=\"176\" src=\"https:\/\/interfilm-deutschland.de\/wp-content\/uploads\/2023\/09\/channels4_profile.jpg\" alt=\"\" class=\"wp-image-912\" srcset=\"https:\/\/interfilm-deutschland.de\/wp-content\/uploads\/2023\/09\/channels4_profile.jpg 176w, https:\/\/interfilm-deutschland.de\/wp-content\/uploads\/2023\/09\/channels4_profile-150x150.jpg 150w\" sizes=\"auto, (max-width: 176px) 100vw, 176px\" \/><\/figure>\n<\/div>\n\n\n\n<div class=\"wp-block-column is-layout-flow wp-block-column-is-layout-flow\" style=\"flex-basis:66.66%\">\n<h3 class=\"wp-block-heading\">&#8222;Filme, Serien und Stars&#8220;<\/h3>\n\n\n\n<p>Der YouTube-Kanal &#8222;Filme, Serien und Stars&#8220; richtet sich an Film- und Serien-Interessierte aller Genres und Jahrzehnte. Im Montags erscheinenden Format Movietime sind Franz Indra und Stefan Preis regelm\u00e4\u00dfig zu Gast und besprechen aktuelle Filme oder Hintergr\u00fcnde zu Themen aus allen Filmbereichen und Jahrzehnten.<\/p>\n<\/div>\n<\/div>\n\n\n\n<p><strong>Aktuelle Folge:<\/strong><\/p>\n\n\n\n<p>Sylvia Glatzer, Stefan Preis und Franz Indra besprechen zum 50-j\u00e4hrigen Jubil\u00e4um EINER FLOG \u00dcBER DAS KUCKUCKSNEST (1975) von Milos Forman unter einer soziologischen Perspektive. Sie beleuchten die zentralen sozialen Themen des Films, insbesondere die Frage der Machtstrukturen in psychiatrischen Einrichtungen und die Auswirkungen von Konformit\u00e4t und Rebellion auf das Individuum<a href=\"https:\/\/youtube.com\/watch?v=RlwFY1Uzg3o\">.<\/a><\/p>\n\n\n\n<figure class=\"wp-block-embed is-type-video is-provider-youtube wp-block-embed-youtube wp-embed-aspect-16-9 wp-has-aspect-ratio\"><div class=\"wp-block-embed__wrapper\">\n<iframe loading=\"lazy\" title=\"Einer flog \u00fcber das Kuckucksnest (1975) | Rebellion im Irrenhaus\" width=\"900\" height=\"506\" src=\"https:\/\/www.youtube.com\/embed\/YNgxlnKNcWs?feature=oembed\" frameborder=\"0\" allow=\"accelerometer; autoplay; clipboard-write; encrypted-media; gyroscope; picture-in-picture; web-share\" referrerpolicy=\"strict-origin-when-cross-origin\" allowfullscreen><\/iframe>\n<\/div><\/figure>\n","protected":false},"excerpt":{"rendered":"<p>&nbsp;Instagram @Kinopfarrer Auf seiner Instagramseite ver\u00f6ffentlicht Gereon Terhorst regelm\u00e4\u00dfig Filmreviews zu aktuellen Kinofilmen. Au\u00dferdem gibt es Filmtipps aus dem aktuellen Streamingangebot und auch immer wieder Gedanken zum Thema Film und Glaube. Youtube &#8222;Filme, Serien und Stars&#8220; Der YouTube-Kanal &#8222;Filme, Serien und Stars&#8220; richtet sich an Film- und Serien-Interessierte aller Genres und Jahrzehnte. Im Montags erscheinenden Format Movietime sind Franz Indra und Stefan Preis regelm\u00e4\u00dfig zu Gast und besprechen aktuelle Filme oder Hintergr\u00fcnde zu Themen aus [&#8230;]<\/p>\n","protected":false},"author":2,"featured_media":0,"parent":830,"menu_order":3,"comment_status":"closed","ping_status":"closed","template":"","meta":{"_acf_changed":false,"footnotes":""},"class_list":["post-807","page","type-page","status-publish","hentry"],"acf":[],"publishpress_future_action":{"enabled":false,"date":"2026-05-05 17:07:15","action":"change-status","newStatus":"draft","terms":[],"taxonomy":"","extraData":[]},"publishpress_future_workflow_manual_trigger":{"enabledWorkflows":[]},"_links":{"self":[{"href":"https:\/\/interfilm-deutschland.de\/index.php?rest_route=\/wp\/v2\/pages\/807","targetHints":{"allow":["GET"]}}],"collection":[{"href":"https:\/\/interfilm-deutschland.de\/index.php?rest_route=\/wp\/v2\/pages"}],"about":[{"href":"https:\/\/interfilm-deutschland.de\/index.php?rest_route=\/wp\/v2\/types\/page"}],"author":[{"embeddable":true,"href":"https:\/\/interfilm-deutschland.de\/index.php?rest_route=\/wp\/v2\/users\/2"}],"replies":[{"embeddable":true,"href":"https:\/\/interfilm-deutschland.de\/index.php?rest_route=%2Fwp%2Fv2%2Fcomments&post=807"}],"version-history":[{"count":10,"href":"https:\/\/interfilm-deutschland.de\/index.php?rest_route=\/wp\/v2\/pages\/807\/revisions"}],"predecessor-version":[{"id":1529,"href":"https:\/\/interfilm-deutschland.de\/index.php?rest_route=\/wp\/v2\/pages\/807\/revisions\/1529"}],"up":[{"embeddable":true,"href":"https:\/\/interfilm-deutschland.de\/index.php?rest_route=\/wp\/v2\/pages\/830"}],"wp:attachment":[{"href":"https:\/\/interfilm-deutschland.de\/index.php?rest_route=%2Fwp%2Fv2%2Fmedia&parent=807"}],"curies":[{"name":"wp","href":"https:\/\/api.w.org\/{rel}","templated":true}]}}

<h1 class="wp-block-heading">&nbsp;Instagram</h1>



<h3 class="wp-block-heading"><a href="https://www.instagram.com/kinopfarrer/" target="_blank" rel="noopener">@Kinopfarrer</a></h3>



<figure class="wp-block-image alignleft size-large is-resized"><img loading="lazy" decoding="async" width="1024" height="1024" src="https://interfilm-deutschland.de/wp-content/uploads/2024/09/2024-07-31-kinopfarrer-logo_1-1024x1024.png" alt="" class="wp-image-1491" style="width:172px;height:auto" srcset="https://interfilm-deutschland.de/wp-content/uploads/2024/09/2024-07-31-kinopfarrer-logo_1-1024x1024.png 1024w, https://interfilm-deutschland.de/wp-content/uploads/2024/09/2024-07-31-kinopfarrer-logo_1-300x300.png 300w, https://interfilm-deutschland.de/wp-content/uploads/2024/09/2024-07-31-kinopfarrer-logo_1-150x150.png 150w, https://interfilm-deutschland.de/wp-content/uploads/2024/09/2024-07-31-kinopfarrer-logo_1-768x768.png 768w, https://interfilm-deutschland.de/wp-content/uploads/2024/09/2024-07-31-kinopfarrer-logo_1-1536x1536.png 1536w, https://interfilm-deutschland.de/wp-content/uploads/2024/09/2024-07-31-kinopfarrer-logo_1-2048x2048.png 2048w, https://interfilm-deutschland.de/wp-content/uploads/2024/09/2024-07-31-kinopfarrer-logo_1-1800x1800.png 1800w, https://interfilm-deutschland.de/wp-content/uploads/2024/09/2024-07-31-kinopfarrer-logo_1-900x900.png 900w" sizes="auto, (max-width: 1024px) 100vw, 1024px" /></figure>



<p>Auf seiner Instagramseite veröffentlicht Gereon Terhorst regelmäßig Filmreviews zu aktuellen Kinofilmen. Außerdem gibt es Filmtipps aus dem aktuellen Streamingangebot und auch immer wieder Gedanken zum Thema Film und Glaube.</p>



<h2 class="wp-block-heading">Youtube</h2>



<div class="wp-block-columns is-layout-flex wp-container-core-columns-is-layout-9d6595d7 wp-block-columns-is-layout-flex">
<div class="wp-block-column is-layout-flow wp-block-column-is-layout-flow" style="flex-basis:33.33%">
<figure class="wp-block-image size-full"><img loading="lazy" decoding="async" width="176" height="176" src="https://interfilm-deutschland.de/wp-content/uploads/2023/09/channels4_profile.jpg" alt="" class="wp-image-912" srcset="https://interfilm-deutschland.de/wp-content/uploads/2023/09/channels4_profile.jpg 176w, https://interfilm-deutschland.de/wp-content/uploads/2023/09/channels4_profile-150x150.jpg 150w" sizes="auto, (max-width: 176px) 100vw, 176px" /></figure>
</div>



<div class="wp-block-column is-layout-flow wp-block-column-is-layout-flow" style="flex-basis:66.66%">
<h3 class="wp-block-heading">&#8222;Filme, Serien und Stars&#8220;</h3>



<p>Der YouTube-Kanal &#8222;Filme, Serien und Stars&#8220; richtet sich an Film- und Serien-Interessierte aller Genres und Jahrzehnte. Im Montags erscheinenden Format Movietime sind Franz Indra und Stefan Preis regelmäßig zu Gast und besprechen aktuelle Filme oder Hintergründe zu Themen aus allen Filmbereichen und Jahrzehnten.</p>
</div>
</div>



<p><strong>Aktuelle Folge:</strong></p>



<p>Sylvia Glatzer, Stefan Preis und Franz Indra besprechen zum 50-jährigen Jubiläum EINER FLOG ÜBER DAS KUCKUCKSNEST (1975) von Milos Forman unter einer soziologischen Perspektive. Sie beleuchten die zentralen sozialen Themen des Films, insbesondere die Frage der Machtstrukturen in psychiatrischen Einrichtungen und die Auswirkungen von Konformität und Rebellion auf das Individuum<a href="https://youtube.com/watch?v=RlwFY1Uzg3o">.</a></p>



<figure class="wp-block-embed is-type-video is-provider-youtube wp-block-embed-youtube wp-embed-aspect-16-9 wp-has-aspect-ratio"><div class="wp-block-embed__wrapper">
<iframe loading="lazy" title="Einer flog über das Kuckucksnest (1975) | Rebellion im Irrenhaus" width="900" height="506" src="https://www.youtube.com/embed/YNgxlnKNcWs?feature=oembed" frameborder="0" allow="accelerometer; autoplay; clipboard-write; encrypted-media; gyroscope; picture-in-picture; web-share" referrerpolicy="strict-origin-when-cross-origin" allowfullscreen></iframe>
</div></figure>

<p>&nbsp;Instagram @Kinopfarrer Auf seiner Instagramseite veröffentlicht Gereon Terhorst regelmäßig Filmreviews zu aktuellen Kinofilmen. Außerdem gibt es Filmtipps aus dem aktuellen Streamingangebot und auch immer wieder Gedanken zum Thema Film und Glaube. Youtube &#8222;Filme, Serien und Stars&#8220; Der YouTube-Kanal &#8222;Filme, Serien und Stars&#8220; richtet sich an Film- und Serien-Interessierte aller Genres und Jahrzehnte. Im Montags erscheinenden Format Movietime sind Franz Indra und Stefan Preis regelmäßig zu Gast und besprechen aktuelle Filme oder Hintergründe zu Themen aus [&#8230;]</p>
