{"id":812,"date":"2023-08-26T14:57:46","date_gmt":"2023-08-26T14:57:46","guid":{"rendered":"https:\/\/interfilm-deutschland.de\/?page_id=812"},"modified":"2024-08-26T14:38:46","modified_gmt":"2024-08-26T12:38:46","slug":"filmvorfuehrungen-und-gespraeche","status":"publish","type":"page","link":"https:\/\/interfilm-deutschland.de\/?page_id=812","title":{"rendered":"Filmvorf\u00fchrungen und -gespr\u00e4che"},"content":{"rendered":"\n<h1 class=\"wp-block-heading\">Regelm\u00e4\u00dfige Filmvorf\u00fchrungen und -gespr\u00e4che<\/h1>\n\n\n\n<p>(Aktuelle Termine finden Sie auf der Startseite)<\/p>\n\n\n\n<p><strong><a href=\"#KiKi\" data-type=\"internal\" data-id=\"#KiKi\">Kirchen+Kino<\/a> \u00a0 \u00a0<a href=\"#Hamburgerfg\" data-type=\"internal\" data-id=\"#Hamburgerfg\">Hamburger Filmgespr\u00e4che<\/a>\u00a0 \u00a0 <a href=\"#AKKiKiBre\" data-type=\"internal\" data-id=\"#AKKiKiBre\">Arbeitskreis Kirche &amp; Kino Bremen<\/a>\u00a0 \u00a0 <a href=\"#KiKiBH\" data-type=\"internal\" data-id=\"#KiKiBH\">Kirche im Kino Bad Hersfeld <\/a><\/strong>    <strong><a href=\"#Kirchentag\" data-type=\"internal\" data-id=\"#Kirchentag\">Mutig-Stark-Beherzt (Kinoreihe zum Kirchentag<\/a>)<\/strong><\/p>\n\n\n\n<h2 class=\"wp-block-heading\" id=\"KiKi\">Kirchen und Kino. Der Filmtipp<\/h2>\n\n\n\n<p>Das \u00f6kumenische Projekt <i>Kirchen und Kino. Der Filmtipp<\/i> zeigt pro Saison je acht von der evangelischen und katholischen Filmarbeit in Deutschland und der Schweiz hervorgehobene Filme verschiedener Genres, deren Inhalte sich in ganz unterschiedlicher Form zwischen Gesellschaft, Politik und Pers\u00f6nlichem bewegen. Das Spannungsverh\u00e4ltnis von Kino und Kirche offenbart dabei Themen, die gleicherma\u00dfen f\u00fcr die Leinwand wie auch den christlichen Glauben relevant sind: von Liebe, Leid oder Hoffnung bis hin zu den gro\u00dfen Fragen nach Leben und Sterben sowie vielem mehr.<\/p>\n\n\n\n<p>In der Kooperation zwischen jeweils einem Kino sowie einem kirchlichen Partner ergibt sich dabei auch ein Raum f\u00fcr pers\u00f6nliche Begegnungen und Austausch vor Ort. Zu den Filmen werden dabei u.a. Filmeinf\u00fchrungen angeboten. An vielen Standorten er\u00f6ffnen zudem Filmnachgespr\u00e4che die M\u00f6glichkeit, sich noch tiefer mit dem Gesehenen zu besch\u00e4ftigen.<\/p>\n\n\n\n<p>Derzeit nehmen 25 Standorte in Nordrhein-Westfalen, Niedersachsen und Hessen am Projekt teil. Die Filme der aktuellen Staffel 2023\/24 besch\u00e4ftigen sich dabei u.a. mit der Frage nach Orientierung und (Selbst-)Findungsprozessen in einer sich stetig ver\u00e4ndernden Welt. Zum Auftakt wird der Film <em>Das Lehrerzimmer<\/em> (D 2022) gezeigt.<\/p>\n\n\n\n<p>Mehr Infos gibt es auf: <a href=\"https:\/\/kirchen-und-kino.de\/\" target=\"_blank\" rel=\"noopener\">https:\/\/kirchen-und-kino.de\/<\/a><\/p>\n\n\n\n<hr class=\"wp-block-separator has-alpha-channel-opacity\"\/>\n\n\n\n<h2 class=\"wp-block-heading\" id=\"Hamburgerfg\">Hamburger Filmgespr\u00e4che<\/h2>\n\n\n\n<p>Jeden zweiten Monat zeigt die Interfilm Academy Munich e.V. in Kooperation mit dem Kommunalen Kino Metropolis in Hamburg einen Film mit anschlie\u00dfender Diskussion. Es moderieren der Filmemacher Franz Indra<br>und der Autor Stefan Preis.<\/p>\n\n\n\n<p>Informationen zu den Hamburger Filmgespr\u00e4chen finden Sie hier: <a href=\"\/\/interfilm-akademie.de\/category\/veranstaltungen\/weitere-filmgespraeche\/hamburger-filmgespraeche\/\" target=\"_blank\" rel=\"noopener\">https:\/\/interfilm-akademie.de\/category\/veranstaltungen\/weitere-filmgespraeche\/hamburger-filmgespraeche\/<\/a><\/p>\n\n\n\n<hr class=\"wp-block-separator has-alpha-channel-opacity\"\/>\n\n\n\n<h2 class=\"wp-block-heading\" id=\"AKKiKiBre\">Arbeitskreis Kirche &amp; Kino Bremen<\/h2>\n\n\n\n<p>Der Arbeitskreis Kirche &amp; Kino Bremen und seine Mitglieder veranstalten Filmreihen, Seminare und Vortr\u00e4ge. In der Regel ist der Veranstaltungsort das&nbsp;<a href=\"http:\/\/www.city46.de\/\" target=\"_blank\" rel=\"noopener noreferrer\">Kommunalkino City 46<\/a>, Birkenstra\u00dfe 1 (Herdentor), oder auch die&nbsp;<a href=\"http:\/\/www.kulturkirche-bremen.de\/\" target=\"_blank\" rel=\"noopener noreferrer\">Kulturkirche St. Stephani<\/a>. Dar\u00fcber hinaus will der Arbeitskreis kirchliche und gemeindliche Filmarbeit f\u00f6rdern und koordinieren.<\/p>\n\n\n\n<p>Weitere Informationen zum Arbeitskreis Kirche &amp; Kino Bremen: <a href=\"http:\/\/kirche-und-kino-bremen.de\/\" target=\"_blank\" rel=\"noopener\">http:\/\/kirche-und-kino-bremen.de\/<\/a><\/p>\n\n\n\n<hr class=\"wp-block-separator has-alpha-channel-opacity\"\/>\n\n\n\n<h2 class=\"wp-block-heading\" id=\"KiKiBH\">Kirche im Kino Bad Hersfeld<\/h2>\n\n\n\n<p>Jeden Monat zeigen Pfarrerin Imke Leipold und Pfarrer Rainer B\u00e4tzing im \u00f6rtlichen Kino einen aktuellen Film. Zu Beginn wird eines der Themen des Films in biblisch-christlicher Perspektive er\u00f6rtert. Anschlie\u00dfend sind Nachgespr\u00e4che im Kino-Foyer einerseits zwanglos, andererseits meist recht lang und intensiv. Der Termin ist immer sonntags um 17.30 Uhr, die Filme sind oft deutsche Main-Stream-Filme. N\u00e4here Informationen unter <a href=\"https:\/\/cineplex.de\/bad-hersfeld\/\">https:\/\/cineplex.de\/bad-hersfeld\/<\/a> &nbsp;&nbsp;Spalte \u201eSpecials, Kirche und Kino\u201c.<\/p>\n\n\n\n<hr class=\"wp-block-separator has-alpha-channel-opacity\"\/>\n\n\n\n<h2 class=\"wp-block-heading\" id=\"Kirchentag\">MUTIG &#8211; STARK &#8211; BEHERZT<br>Kinofilme und Dialoge zu Themen des Kirchentages<\/h2>\n\n\n\n<p>Unter der Schirmherrschaft von Landesbischof Ralf Meister startete der landeskirchliche Arbeitskreis \u201eKirche und Film\u201c am\u00a0<strong>12. Juni 2024\u00a0<\/strong>die Veranstaltungsreihe\u00a0<strong>\u201emutig &#8211; stark &#8211; beherzt\u201c<\/strong>. Angelehnt an Themenfelder des Kirchentags 2025 in Hannover werden sieben ausgesuchte Filme gezeigt und mit besonderen G\u00e4sten diskutiert werden. Ein Film wird dabei jeweils in einem Kino in Hannover (KoKi oder Raschplatzkino) und parallel in einem Kino an einem anderen Ort innerhalb der Landeskirche Hannovers pr\u00e4sentiert werden: In Hildesheim, G\u00f6ttingen, Osnabr\u00fcck, Stade, Wunstorf, Nienburg und Hannoversch M\u00fcnden \u00f6ffnen Kinos diesem Projekt ihre T\u00fcren. Aktuelle Informationen zum Projekt sowie \u00fcber die Filme, Orte, Termine und Vorf\u00fchrzeiten findet man\u00a0auf dieser Seite.<\/p>\n\n\n\n<p>Aktuelle Informationen und Termine finden Sie hier: <a href=\"https:\/\/www.kunstinfo.net\/film\/FADWZK\">https:\/\/www.kunstinfo.net\/film\/FADWZK<\/a><\/p>\n","protected":false},"excerpt":{"rendered":"<p>Regelm\u00e4\u00dfige Filmvorf\u00fchrungen und -gespr\u00e4che (Aktuelle Termine finden Sie auf der Startseite) Kirchen+Kino \u00a0 \u00a0Hamburger Filmgespr\u00e4che\u00a0 \u00a0 Arbeitskreis Kirche &amp; Kino Bremen\u00a0 \u00a0 Kirche im Kino Bad Hersfeld Mutig-Stark-Beherzt (Kinoreihe zum Kirchentag) Kirchen und Kino. Der Filmtipp Das \u00f6kumenische Projekt Kirchen und Kino. Der Filmtipp zeigt pro Saison je acht von der evangelischen und katholischen Filmarbeit in Deutschland und der Schweiz hervorgehobene Filme verschiedener Genres, deren Inhalte sich in ganz unterschiedlicher Form zwischen Gesellschaft, Politik und [&#8230;]<\/p>\n","protected":false},"author":2,"featured_media":0,"parent":830,"menu_order":1,"comment_status":"closed","ping_status":"closed","template":"","meta":{"_acf_changed":false,"footnotes":""},"class_list":["post-812","page","type-page","status-publish","hentry"],"acf":[],"publishpress_future_action":{"enabled":false,"date":"2026-05-09 11:03:33","action":"change-status","newStatus":"draft","terms":[],"taxonomy":"","extraData":[]},"publishpress_future_workflow_manual_trigger":{"enabledWorkflows":[]},"_links":{"self":[{"href":"https:\/\/interfilm-deutschland.de\/index.php?rest_route=\/wp\/v2\/pages\/812","targetHints":{"allow":["GET"]}}],"collection":[{"href":"https:\/\/interfilm-deutschland.de\/index.php?rest_route=\/wp\/v2\/pages"}],"about":[{"href":"https:\/\/interfilm-deutschland.de\/index.php?rest_route=\/wp\/v2\/types\/page"}],"author":[{"embeddable":true,"href":"https:\/\/interfilm-deutschland.de\/index.php?rest_route=\/wp\/v2\/users\/2"}],"replies":[{"embeddable":true,"href":"https:\/\/interfilm-deutschland.de\/index.php?rest_route=%2Fwp%2Fv2%2Fcomments&post=812"}],"version-history":[{"count":29,"href":"https:\/\/interfilm-deutschland.de\/index.php?rest_route=\/wp\/v2\/pages\/812\/revisions"}],"predecessor-version":[{"id":1482,"href":"https:\/\/interfilm-deutschland.de\/index.php?rest_route=\/wp\/v2\/pages\/812\/revisions\/1482"}],"up":[{"embeddable":true,"href":"https:\/\/interfilm-deutschland.de\/index.php?rest_route=\/wp\/v2\/pages\/830"}],"wp:attachment":[{"href":"https:\/\/interfilm-deutschland.de\/index.php?rest_route=%2Fwp%2Fv2%2Fmedia&parent=812"}],"curies":[{"name":"wp","href":"https:\/\/api.w.org\/{rel}","templated":true}]}}

Filmvorführungen und -gespräche

<h1 class="wp-block-heading">Regelmäßige Filmvorführungen und -gespräche</h1>



<p>(Aktuelle Termine finden Sie auf der Startseite)</p>



<p><strong><a href="#KiKi" data-type="internal" data-id="#KiKi">Kirchen+Kino</a>    <a href="#Hamburgerfg" data-type="internal" data-id="#Hamburgerfg">Hamburger Filmgespräche</a>    <a href="#AKKiKiBre" data-type="internal" data-id="#AKKiKiBre">Arbeitskreis Kirche &amp; Kino Bremen</a>    <a href="#KiKiBH" data-type="internal" data-id="#KiKiBH">Kirche im Kino Bad Hersfeld </a></strong>    <strong><a href="#Kirchentag" data-type="internal" data-id="#Kirchentag">Mutig-Stark-Beherzt (Kinoreihe zum Kirchentag</a>)</strong></p>



<h2 class="wp-block-heading" id="KiKi">Kirchen und Kino. Der Filmtipp</h2>



<p>Das ökumenische Projekt <i>Kirchen und Kino. Der Filmtipp</i> zeigt pro Saison je acht von der evangelischen und katholischen Filmarbeit in Deutschland und der Schweiz hervorgehobene Filme verschiedener Genres, deren Inhalte sich in ganz unterschiedlicher Form zwischen Gesellschaft, Politik und Persönlichem bewegen. Das Spannungsverhältnis von Kino und Kirche offenbart dabei Themen, die gleichermaßen für die Leinwand wie auch den christlichen Glauben relevant sind: von Liebe, Leid oder Hoffnung bis hin zu den großen Fragen nach Leben und Sterben sowie vielem mehr.</p>



<p>In der Kooperation zwischen jeweils einem Kino sowie einem kirchlichen Partner ergibt sich dabei auch ein Raum für persönliche Begegnungen und Austausch vor Ort. Zu den Filmen werden dabei u.a. Filmeinführungen angeboten. An vielen Standorten eröffnen zudem Filmnachgespräche die Möglichkeit, sich noch tiefer mit dem Gesehenen zu beschäftigen.</p>



<p>Derzeit nehmen 25 Standorte in Nordrhein-Westfalen, Niedersachsen und Hessen am Projekt teil. Die Filme der aktuellen Staffel 2023/24 beschäftigen sich dabei u.a. mit der Frage nach Orientierung und (Selbst-)Findungsprozessen in einer sich stetig verändernden Welt. Zum Auftakt wird der Film <em>Das Lehrerzimmer</em> (D 2022) gezeigt.</p>



<p>Mehr Infos gibt es auf: <a href="https://kirchen-und-kino.de/" target="_blank" rel="noopener">https://kirchen-und-kino.de/</a></p>



<hr class="wp-block-separator has-alpha-channel-opacity"/>



<h2 class="wp-block-heading" id="Hamburgerfg">Hamburger Filmgespräche</h2>



<p>Jeden zweiten Monat zeigt die Interfilm Academy Munich e.V. in Kooperation mit dem Kommunalen Kino Metropolis in Hamburg einen Film mit anschließender Diskussion. Es moderieren der Filmemacher Franz Indra<br>und der Autor Stefan Preis.</p>



<p>Informationen zu den Hamburger Filmgesprächen finden Sie hier: <a href="//interfilm-akademie.de/category/veranstaltungen/weitere-filmgespraeche/hamburger-filmgespraeche/" target="_blank" rel="noopener">https://interfilm-akademie.de/category/veranstaltungen/weitere-filmgespraeche/hamburger-filmgespraeche/</a></p>



<hr class="wp-block-separator has-alpha-channel-opacity"/>



<h2 class="wp-block-heading" id="AKKiKiBre">Arbeitskreis Kirche &amp; Kino Bremen</h2>



<p>Der Arbeitskreis Kirche &amp; Kino Bremen und seine Mitglieder veranstalten Filmreihen, Seminare und Vorträge. In der Regel ist der Veranstaltungsort das&nbsp;<a href="http://www.city46.de/" target="_blank" rel="noopener noreferrer">Kommunalkino City 46</a>, Birkenstraße 1 (Herdentor), oder auch die&nbsp;<a href="http://www.kulturkirche-bremen.de/" target="_blank" rel="noopener noreferrer">Kulturkirche St. Stephani</a>. Darüber hinaus will der Arbeitskreis kirchliche und gemeindliche Filmarbeit fördern und koordinieren.</p>



<p>Weitere Informationen zum Arbeitskreis Kirche &amp; Kino Bremen: <a href="http://kirche-und-kino-bremen.de/" target="_blank" rel="noopener">http://kirche-und-kino-bremen.de/</a></p>



<hr class="wp-block-separator has-alpha-channel-opacity"/>



<h2 class="wp-block-heading" id="KiKiBH">Kirche im Kino Bad Hersfeld</h2>



<p>Jeden Monat zeigen Pfarrerin Imke Leipold und Pfarrer Rainer Bätzing im örtlichen Kino einen aktuellen Film. Zu Beginn wird eines der Themen des Films in biblisch-christlicher Perspektive erörtert. Anschließend sind Nachgespräche im Kino-Foyer einerseits zwanglos, andererseits meist recht lang und intensiv. Der Termin ist immer sonntags um 17.30 Uhr, die Filme sind oft deutsche Main-Stream-Filme. Nähere Informationen unter <a href="https://cineplex.de/bad-hersfeld/">https://cineplex.de/bad-hersfeld/</a> &nbsp;&nbsp;Spalte „Specials, Kirche und Kino“.</p>



<hr class="wp-block-separator has-alpha-channel-opacity"/>



<h2 class="wp-block-heading" id="Kirchentag">MUTIG &#8211; STARK &#8211; BEHERZT<br>Kinofilme und Dialoge zu Themen des Kirchentages</h2>



<p>Unter der Schirmherrschaft von Landesbischof Ralf Meister startete der landeskirchliche Arbeitskreis „Kirche und Film“ am <strong>12. Juni 2024 </strong>die Veranstaltungsreihe <strong>„mutig &#8211; stark &#8211; beherzt“</strong>. Angelehnt an Themenfelder des Kirchentags 2025 in Hannover werden sieben ausgesuchte Filme gezeigt und mit besonderen Gästen diskutiert werden. Ein Film wird dabei jeweils in einem Kino in Hannover (KoKi oder Raschplatzkino) und parallel in einem Kino an einem anderen Ort innerhalb der Landeskirche Hannovers präsentiert werden: In Hildesheim, Göttingen, Osnabrück, Stade, Wunstorf, Nienburg und Hannoversch Münden öffnen Kinos diesem Projekt ihre Türen. Aktuelle Informationen zum Projekt sowie über die Filme, Orte, Termine und Vorführzeiten findet man auf dieser Seite.</p>



<p>Aktuelle Informationen und Termine finden Sie hier: <a href="https://www.kunstinfo.net/film/FADWZK">https://www.kunstinfo.net/film/FADWZK</a></p>

<p>Regelmäßige Filmvorführungen und -gespräche (Aktuelle Termine finden Sie auf der Startseite) Kirchen+Kino    Hamburger Filmgespräche    Arbeitskreis Kirche &amp; Kino Bremen    Kirche im Kino Bad Hersfeld Mutig-Stark-Beherzt (Kinoreihe zum Kirchentag) Kirchen und Kino. Der Filmtipp Das ökumenische Projekt Kirchen und Kino. Der Filmtipp zeigt pro Saison je acht von der evangelischen und katholischen Filmarbeit in Deutschland und der Schweiz hervorgehobene Filme verschiedener Genres, deren Inhalte sich in ganz unterschiedlicher Form zwischen Gesellschaft, Politik und [&#8230;]</p>
